{"id":111,"date":"2020-05-03T22:34:00","date_gmt":"2020-05-03T22:34:00","guid":{"rendered":"https:\/\/www.corsemfim.com\/portfolio\/?page_id=111"},"modified":"2020-05-13T22:05:38","modified_gmt":"2020-05-13T22:05:38","slug":"eventos","status":"publish","type":"page","link":"https:\/\/www.corsemfim.com\/portfolio\/eventos\/","title":{"rendered":"Eventos"},"content":{"rendered":"\n<p style=\"background-color:#ffffff;color:#377a6c\" class=\"has-text-color has-background has-text-align-center\"><a href=\"https:\/\/www.corsemfim.com\/portfolio\/\">voltar \u00e0 p\u00e1gina inicial<\/a><\/p>\n\n\n\n<p style=\"font-size:12px\" class=\"has-text-align-center\"><a href=\"https:\/\/www.corsemfim.com\/portfolio\/fotografia\/\">voltar \u00e0 p\u00e1gina anterior<\/a><\/p>\n\n\n\n<h1 class=\"has-text-color wp-block-heading\" style=\"color:#377a6c\">Fotografia de Eventos<\/h1>\n\n\n\n<p style=\"background-color:#377a6c;color:#ffffff\" class=\"has-text-color has-background\">Dentro do campo da fotografia, realizei cerca de 30 entrevistas a bandas ou cantores. Delas surgiram n\u00e3o s\u00f3 entrevistas escritas que foram publicadas no blog <a href=\"http:\/\/corsemfim.blogspot.com\/p\/eu-perguntei-eles-responderam.html\">corsemfim.blogspot.pt <\/a>como tamb\u00e9m reportagens fotogr\u00e1ficas dos concertos protagonizados pelos mesmos.<\/p>\n\n\n\n<p style=\"background-color:#ffffff;color:#377a6c\" class=\"has-text-color has-background\">Basta clicares nas fotografias para seres redireccionado para uma p\u00e1gina que tem mais informa\u00e7\u00f5es sobre a entrevista e mais fotografias para que possas ver os momentos m\u00e1gicos que foram estes concertos!<\/p>\n\n\n\n<div class=\"wp-block-columns is-layout-flex wp-container-core-columns-is-layout-1 wp-block-columns-is-layout-flex\">\n<div class=\"wp-block-column is-layout-flow wp-block-column-is-layout-flow\">\n<figure class=\"wp-block-image size-large\"><a href=\"https:\/\/www.corsemfim.com\/portfolio\/country-playground\/\"><img loading=\"lazy\" decoding=\"async\" width=\"1024\" height=\"1024\" src=\"https:\/\/www.corsemfim.com\/portfolio\/wp-content\/uploads\/2020\/05\/country_1-01-1024x1024.png\" alt=\"\" class=\"wp-image-477\" srcset=\"https:\/\/www.corsemfim.com\/portfolio\/wp-content\/uploads\/2020\/05\/country_1-01-1024x1024.png 1024w, https:\/\/www.corsemfim.com\/portfolio\/wp-content\/uploads\/2020\/05\/country_1-01-300x300.png 300w, https:\/\/www.corsemfim.com\/portfolio\/wp-content\/uploads\/2020\/05\/country_1-01-150x150.png 150w, https:\/\/www.corsemfim.com\/portfolio\/wp-content\/uploads\/2020\/05\/country_1-01-768x768.png 768w, https:\/\/www.corsemfim.com\/portfolio\/wp-content\/uploads\/2020\/05\/country_1-01-1536x1536.png 1536w, https:\/\/www.corsemfim.com\/portfolio\/wp-content\/uploads\/2020\/05\/country_1-01-2048x2048.png 2048w\" sizes=\"(max-width: 1024px) 100vw, 1024px\" \/><\/a><\/figure>\n\n\n\n<figure class=\"wp-block-image size-large\"><a href=\"https:\/\/www.corsemfim.com\/portfolio\/the-happy-mess\/\"><img loading=\"lazy\" decoding=\"async\" width=\"371\" height=\"121\" src=\"https:\/\/www.corsemfim.com\/portfolio\/wp-content\/uploads\/2020\/05\/happy1.png\" alt=\"\" class=\"wp-image-519\" srcset=\"https:\/\/www.corsemfim.com\/portfolio\/wp-content\/uploads\/2020\/05\/happy1.png 371w, https:\/\/www.corsemfim.com\/portfolio\/wp-content\/uploads\/2020\/05\/happy1-300x98.png 300w\" sizes=\"(max-width: 371px) 100vw, 371px\" \/><\/a><\/figure>\n\n\n\n<figure class=\"wp-block-image size-large\"><a href=\"https:\/\/www.corsemfim.com\/portfolio\/the-black-mamba\/\"><img loading=\"lazy\" decoding=\"async\" width=\"992\" height=\"1024\" src=\"https:\/\/www.corsemfim.com\/portfolio\/wp-content\/uploads\/2020\/05\/black1-992x1024.png\" alt=\"\" class=\"wp-image-311\" srcset=\"https:\/\/www.corsemfim.com\/portfolio\/wp-content\/uploads\/2020\/05\/black1-992x1024.png 992w, https:\/\/www.corsemfim.com\/portfolio\/wp-content\/uploads\/2020\/05\/black1-291x300.png 291w, https:\/\/www.corsemfim.com\/portfolio\/wp-content\/uploads\/2020\/05\/black1-768x793.png 768w, https:\/\/www.corsemfim.com\/portfolio\/wp-content\/uploads\/2020\/05\/black1-1488x1536.png 1488w, https:\/\/www.corsemfim.com\/portfolio\/wp-content\/uploads\/2020\/05\/black1-1984x2048.png 1984w\" sizes=\"(max-width: 992px) 100vw, 992px\" \/><\/a><\/figure>\n\n\n\n<figure class=\"wp-block-image size-large\"><a href=\"https:\/\/www.corsemfim.com\/portfolio\/them-flying-monkeys\/\"><img loading=\"lazy\" decoding=\"async\" width=\"371\" height=\"121\" src=\"https:\/\/www.corsemfim.com\/portfolio\/wp-content\/uploads\/2020\/05\/tfm1.png\" alt=\"\" class=\"wp-image-514\" srcset=\"https:\/\/www.corsemfim.com\/portfolio\/wp-content\/uploads\/2020\/05\/tfm1.png 371w, https:\/\/www.corsemfim.com\/portfolio\/wp-content\/uploads\/2020\/05\/tfm1-300x98.png 300w\" sizes=\"(max-width: 371px) 100vw, 371px\" \/><\/a><\/figure>\n\n\n\n<figure class=\"wp-block-image size-large\"><a href=\"https:\/\/www.corsemfim.com\/portfolio\/le-skeleton-band\/\"><img loading=\"lazy\" decoding=\"async\" width=\"371\" height=\"120\" src=\"https:\/\/www.corsemfim.com\/portfolio\/wp-content\/uploads\/2020\/05\/lsb1.png\" alt=\"\" class=\"wp-image-512\" srcset=\"https:\/\/www.corsemfim.com\/portfolio\/wp-content\/uploads\/2020\/05\/lsb1.png 371w, https:\/\/www.corsemfim.com\/portfolio\/wp-content\/uploads\/2020\/05\/lsb1-300x97.png 300w\" sizes=\"(max-width: 371px) 100vw, 371px\" \/><\/a><\/figure>\n\n\n\n<figure class=\"wp-block-image size-large\"><a href=\"https:\/\/www.corsemfim.com\/portfolio\/volcogignoli\/\"><img loading=\"lazy\" decoding=\"async\" width=\"371\" height=\"121\" src=\"https:\/\/www.corsemfim.com\/portfolio\/wp-content\/uploads\/2020\/05\/vg1.png\" alt=\"\" class=\"wp-image-510\" srcset=\"https:\/\/www.corsemfim.com\/portfolio\/wp-content\/uploads\/2020\/05\/vg1.png 371w, https:\/\/www.corsemfim.com\/portfolio\/wp-content\/uploads\/2020\/05\/vg1-300x98.png 300w\" sizes=\"(max-width: 371px) 100vw, 371px\" \/><\/a><\/figure>\n\n\n\n<figure class=\"wp-block-image size-large\"><a href=\"https:\/\/www.corsemfim.com\/portfolio\/sebenta\/\"><img loading=\"lazy\" decoding=\"async\" width=\"371\" height=\"120\" src=\"https:\/\/www.corsemfim.com\/portfolio\/wp-content\/uploads\/2020\/05\/sebenta.png\" alt=\"\" class=\"wp-image-508\" srcset=\"https:\/\/www.corsemfim.com\/portfolio\/wp-content\/uploads\/2020\/05\/sebenta.png 371w, https:\/\/www.corsemfim.com\/portfolio\/wp-content\/uploads\/2020\/05\/sebenta-300x97.png 300w\" sizes=\"(max-width: 371px) 100vw, 371px\" \/><\/a><\/figure>\n\n\n\n<figure class=\"wp-block-image size-large\"><a href=\"https:\/\/www.corsemfim.com\/portfolio\/diogo-picarra\/\"><img loading=\"lazy\" decoding=\"async\" width=\"371\" height=\"121\" src=\"https:\/\/www.corsemfim.com\/portfolio\/wp-content\/uploads\/2020\/05\/picarra1.png\" alt=\"\" class=\"wp-image-506\" srcset=\"https:\/\/www.corsemfim.com\/portfolio\/wp-content\/uploads\/2020\/05\/picarra1.png 371w, https:\/\/www.corsemfim.com\/portfolio\/wp-content\/uploads\/2020\/05\/picarra1-300x98.png 300w\" sizes=\"(max-width: 371px) 100vw, 371px\" \/><\/a><\/figure>\n\n\n\n<figure class=\"wp-block-image size-large\"><a href=\"https:\/\/www.corsemfim.com\/portfolio\/labaq\/\"><img loading=\"lazy\" decoding=\"async\" width=\"371\" height=\"120\" src=\"https:\/\/www.corsemfim.com\/portfolio\/wp-content\/uploads\/2020\/05\/labaq1.png\" alt=\"\" class=\"wp-image-504\" srcset=\"https:\/\/www.corsemfim.com\/portfolio\/wp-content\/uploads\/2020\/05\/labaq1.png 371w, https:\/\/www.corsemfim.com\/portfolio\/wp-content\/uploads\/2020\/05\/labaq1-300x97.png 300w\" sizes=\"(max-width: 371px) 100vw, 371px\" \/><\/a><\/figure>\n\n\n\n<figure class=\"wp-block-image size-large\"><a href=\"https:\/\/www.corsemfim.com\/portfolio\/linda-martini\/\"><img loading=\"lazy\" decoding=\"async\" width=\"992\" height=\"1024\" src=\"https:\/\/www.corsemfim.com\/portfolio\/wp-content\/uploads\/2020\/05\/linda_1-2-992x1024.png\" alt=\"\" class=\"wp-image-312\" srcset=\"https:\/\/www.corsemfim.com\/portfolio\/wp-content\/uploads\/2020\/05\/linda_1-2-992x1024.png 992w, https:\/\/www.corsemfim.com\/portfolio\/wp-content\/uploads\/2020\/05\/linda_1-2-291x300.png 291w, https:\/\/www.corsemfim.com\/portfolio\/wp-content\/uploads\/2020\/05\/linda_1-2-768x793.png 768w, https:\/\/www.corsemfim.com\/portfolio\/wp-content\/uploads\/2020\/05\/linda_1-2-1488x1536.png 1488w, https:\/\/www.corsemfim.com\/portfolio\/wp-content\/uploads\/2020\/05\/linda_1-2-1984x2048.png 1984w\" sizes=\"(max-width: 992px) 100vw, 992px\" \/><\/a><\/figure>\n\n\n\n<figure class=\"wp-block-image size-large\"><a href=\"https:\/\/www.corsemfim.com\/portfolio\/the-town-bar\/\"><img loading=\"lazy\" decoding=\"async\" width=\"371\" height=\"120\" src=\"https:\/\/www.corsemfim.com\/portfolio\/wp-content\/uploads\/2020\/05\/town1.png\" alt=\"\" class=\"wp-image-500\" srcset=\"https:\/\/www.corsemfim.com\/portfolio\/wp-content\/uploads\/2020\/05\/town1.png 371w, https:\/\/www.corsemfim.com\/portfolio\/wp-content\/uploads\/2020\/05\/town1-300x97.png 300w\" sizes=\"(max-width: 371px) 100vw, 371px\" \/><\/a><\/figure>\n<\/div>\n\n\n\n<div class=\"wp-block-column is-layout-flow wp-block-column-is-layout-flow\">\n<figure class=\"wp-block-image size-large\"><a href=\"https:\/\/www.corsemfim.com\/portfolio\/daniel-catarino\/\"><img loading=\"lazy\" decoding=\"async\" width=\"371\" height=\"121\" src=\"https:\/\/www.corsemfim.com\/portfolio\/wp-content\/uploads\/2020\/05\/daniel1.png\" alt=\"\" class=\"wp-image-497\" srcset=\"https:\/\/www.corsemfim.com\/portfolio\/wp-content\/uploads\/2020\/05\/daniel1.png 371w, https:\/\/www.corsemfim.com\/portfolio\/wp-content\/uploads\/2020\/05\/daniel1-300x98.png 300w\" sizes=\"(max-width: 371px) 100vw, 371px\" \/><\/a><\/figure>\n\n\n\n<figure class=\"wp-block-image size-large\"><a href=\"https:\/\/www.corsemfim.com\/portfolio\/galgo\/\"><img loading=\"lazy\" decoding=\"async\" width=\"371\" height=\"121\" src=\"https:\/\/www.corsemfim.com\/portfolio\/wp-content\/uploads\/2020\/05\/galgo-1.png\" alt=\"\" class=\"wp-image-530\" srcset=\"https:\/\/www.corsemfim.com\/portfolio\/wp-content\/uploads\/2020\/05\/galgo-1.png 371w, https:\/\/www.corsemfim.com\/portfolio\/wp-content\/uploads\/2020\/05\/galgo-1-300x98.png 300w\" sizes=\"(max-width: 371px) 100vw, 371px\" \/><\/a><\/figure>\n\n\n\n<figure class=\"wp-block-image size-large\"><a href=\"https:\/\/www.corsemfim.com\/portfolio\/david-pessoa\/\"><img loading=\"lazy\" decoding=\"async\" width=\"371\" height=\"121\" src=\"https:\/\/www.corsemfim.com\/portfolio\/wp-content\/uploads\/2020\/05\/pessoa1-1.png\" alt=\"\" class=\"wp-image-529\" srcset=\"https:\/\/www.corsemfim.com\/portfolio\/wp-content\/uploads\/2020\/05\/pessoa1-1.png 371w, https:\/\/www.corsemfim.com\/portfolio\/wp-content\/uploads\/2020\/05\/pessoa1-1-300x98.png 300w\" sizes=\"(max-width: 371px) 100vw, 371px\" \/><\/a><\/figure>\n\n\n\n<figure class=\"wp-block-image size-large\"><a href=\"https:\/\/www.corsemfim.com\/portfolio\/alice\/\"><img loading=\"lazy\" decoding=\"async\" width=\"371\" height=\"120\" src=\"https:\/\/www.corsemfim.com\/portfolio\/wp-content\/uploads\/2020\/05\/alice1-1.png\" alt=\"\" class=\"wp-image-528\" srcset=\"https:\/\/www.corsemfim.com\/portfolio\/wp-content\/uploads\/2020\/05\/alice1-1.png 371w, https:\/\/www.corsemfim.com\/portfolio\/wp-content\/uploads\/2020\/05\/alice1-1-300x97.png 300w\" sizes=\"(max-width: 371px) 100vw, 371px\" \/><\/a><\/figure>\n\n\n\n<figure class=\"wp-block-image size-large\"><a href=\"https:\/\/www.corsemfim.com\/portfolio\/berg\/\"><img loading=\"lazy\" decoding=\"async\" width=\"371\" height=\"121\" src=\"https:\/\/www.corsemfim.com\/portfolio\/wp-content\/uploads\/2020\/05\/berg-1.png\" alt=\"\" class=\"wp-image-527\" srcset=\"https:\/\/www.corsemfim.com\/portfolio\/wp-content\/uploads\/2020\/05\/berg-1.png 371w, https:\/\/www.corsemfim.com\/portfolio\/wp-content\/uploads\/2020\/05\/berg-1-300x98.png 300w\" sizes=\"(max-width: 371px) 100vw, 371px\" \/><\/a><\/figure>\n\n\n\n<figure class=\"wp-block-image size-large\"><a href=\"https:\/\/www.corsemfim.com\/portfolio\/eu-furia\/\"><img loading=\"lazy\" decoding=\"async\" width=\"371\" height=\"120\" src=\"https:\/\/www.corsemfim.com\/portfolio\/wp-content\/uploads\/2020\/05\/eufuria1-1.png\" alt=\"\" class=\"wp-image-526\" srcset=\"https:\/\/www.corsemfim.com\/portfolio\/wp-content\/uploads\/2020\/05\/eufuria1-1.png 371w, https:\/\/www.corsemfim.com\/portfolio\/wp-content\/uploads\/2020\/05\/eufuria1-1-300x97.png 300w\" sizes=\"(max-width: 371px) 100vw, 371px\" \/><\/a><\/figure>\n\n\n\n<figure class=\"wp-block-image size-large\"><a href=\"https:\/\/www.corsemfim.com\/portfolio\/mimicat\/\"><img loading=\"lazy\" decoding=\"async\" width=\"371\" height=\"121\" src=\"https:\/\/www.corsemfim.com\/portfolio\/wp-content\/uploads\/2020\/05\/mimicat1-1.png\" alt=\"\" class=\"wp-image-525\" srcset=\"https:\/\/www.corsemfim.com\/portfolio\/wp-content\/uploads\/2020\/05\/mimicat1-1.png 371w, https:\/\/www.corsemfim.com\/portfolio\/wp-content\/uploads\/2020\/05\/mimicat1-1-300x98.png 300w\" sizes=\"(max-width: 371px) 100vw, 371px\" \/><\/a><\/figure>\n\n\n\n<figure class=\"wp-block-image size-large\"><a href=\"https:\/\/www.corsemfim.com\/portfolio\/miguel-araujo\/\"><img loading=\"lazy\" decoding=\"async\" width=\"371\" height=\"120\" src=\"https:\/\/www.corsemfim.com\/portfolio\/wp-content\/uploads\/2020\/05\/araujo1-1.png\" alt=\"\" class=\"wp-image-524\" srcset=\"https:\/\/www.corsemfim.com\/portfolio\/wp-content\/uploads\/2020\/05\/araujo1-1.png 371w, https:\/\/www.corsemfim.com\/portfolio\/wp-content\/uploads\/2020\/05\/araujo1-1-300x97.png 300w\" sizes=\"(max-width: 371px) 100vw, 371px\" \/><\/a><\/figure>\n\n\n\n<figure class=\"wp-block-image size-large\"><img loading=\"lazy\" decoding=\"async\" width=\"371\" height=\"121\" src=\"https:\/\/www.corsemfim.com\/portfolio\/wp-content\/uploads\/2020\/05\/capitacapitao1-1.png\" alt=\"\" class=\"wp-image-523\" srcset=\"https:\/\/www.corsemfim.com\/portfolio\/wp-content\/uploads\/2020\/05\/capitacapitao1-1.png 371w, https:\/\/www.corsemfim.com\/portfolio\/wp-content\/uploads\/2020\/05\/capitacapitao1-1-300x98.png 300w\" sizes=\"(max-width: 371px) 100vw, 371px\" \/><\/figure>\n\n\n\n<figure class=\"wp-block-image size-large\"><a href=\"https:\/\/www.corsemfim.com\/portfolio\/capitao-fausto\/\"><img loading=\"lazy\" decoding=\"async\" width=\"992\" height=\"1024\" src=\"https:\/\/www.corsemfim.com\/portfolio\/wp-content\/uploads\/2020\/05\/capitao_1-992x1024.png\" alt=\"\" class=\"wp-image-317\" srcset=\"https:\/\/www.corsemfim.com\/portfolio\/wp-content\/uploads\/2020\/05\/capitao_1-992x1024.png 992w, https:\/\/www.corsemfim.com\/portfolio\/wp-content\/uploads\/2020\/05\/capitao_1-291x300.png 291w, https:\/\/www.corsemfim.com\/portfolio\/wp-content\/uploads\/2020\/05\/capitao_1-768x793.png 768w, https:\/\/www.corsemfim.com\/portfolio\/wp-content\/uploads\/2020\/05\/capitao_1-1488x1536.png 1488w, https:\/\/www.corsemfim.com\/portfolio\/wp-content\/uploads\/2020\/05\/capitao_1-1984x2048.png 1984w\" sizes=\"(max-width: 992px) 100vw, 992px\" \/><\/a><\/figure>\n\n\n\n<figure class=\"wp-block-image size-large\"><a href=\"https:\/\/www.corsemfim.com\/portfolio\/wem\/\"><img loading=\"lazy\" decoding=\"async\" width=\"371\" height=\"121\" src=\"https:\/\/www.corsemfim.com\/portfolio\/wp-content\/uploads\/2020\/05\/wem1-1.png\" alt=\"\" class=\"wp-image-521\" srcset=\"https:\/\/www.corsemfim.com\/portfolio\/wp-content\/uploads\/2020\/05\/wem1-1.png 371w, https:\/\/www.corsemfim.com\/portfolio\/wp-content\/uploads\/2020\/05\/wem1-1-300x98.png 300w\" sizes=\"(max-width: 371px) 100vw, 371px\" \/><\/a><\/figure>\n<\/div>\n<\/div>\n","protected":false},"excerpt":{"rendered":"<p>voltar \u00e0 p\u00e1gina inicial voltar \u00e0 p\u00e1gina anterior Fotografia de Eventos Dentro do campo da fotografia, realizei cerca de 30 entrevistas a bandas ou cantores. Delas surgiram n\u00e3o s\u00f3 entrevistas escritas que foram publicadas no blog corsemfim.blogspot.pt como tamb\u00e9m reportagens fotogr\u00e1ficas dos concertos protagonizados pelos mesmos. Basta clicares nas fotografias para seres redireccionado para uma [&hellip;]<\/p>\n","protected":false},"author":1,"featured_media":0,"parent":0,"menu_order":0,"comment_status":"closed","ping_status":"closed","template":"","meta":{"footnotes":""},"_links":{"self":[{"href":"https:\/\/www.corsemfim.com\/portfolio\/wp-json\/wp\/v2\/pages\/111"}],"collection":[{"href":"https:\/\/www.corsemfim.com\/portfolio\/wp-json\/wp\/v2\/pages"}],"about":[{"href":"https:\/\/www.corsemfim.com\/portfolio\/wp-json\/wp\/v2\/types\/page"}],"author":[{"embeddable":true,"href":"https:\/\/www.corsemfim.com\/portfolio\/wp-json\/wp\/v2\/users\/1"}],"replies":[{"embeddable":true,"href":"https:\/\/www.corsemfim.com\/portfolio\/wp-json\/wp\/v2\/comments?post=111"}],"version-history":[{"count":31,"href":"https:\/\/www.corsemfim.com\/portfolio\/wp-json\/wp\/v2\/pages\/111\/revisions"}],"predecessor-version":[{"id":606,"href":"https:\/\/www.corsemfim.com\/portfolio\/wp-json\/wp\/v2\/pages\/111\/revisions\/606"}],"wp:attachment":[{"href":"https:\/\/www.corsemfim.com\/portfolio\/wp-json\/wp\/v2\/media?parent=111"}],"curies":[{"name":"wp","href":"https:\/\/api.w.org\/{rel}","templated":true}]}}